 39184281 a multiple of 964?
False
Is 42 a factor of 76469862?
True
Is 220 a factor of 4331882?
False
Does 27 divide 1623537?
True
Is 4266132 even?
True
Is 47 a factor of 101801399?
False
Does 12 divide 4826772?
True
Is 8 a factor of 6075514?
False
Is 387223345 a multiple of 1372?
False
Is 2817542134 a multiple of 206?
True
Is 1506614148 a multiple of 4524?
True
Is 1321 a factor of 73694951?
False
Does 49 divide 103944189?
False
Is 615450454 a multiple of 549?
False
Is 5916 a factor of 444351623?
False
Is 145598343 a multiple of 470?
False
Does 31 divide 115274120?
True
Does 2991 divide 37396473?
True
Is 18 a factor of 72880804?
False
Does 281 divide 1153590173?
False
Does 1450 divide 536755200?
True
Is 1881272008 a multiple of 154?
True
Does 881 divide 55943816?
False
Is 104323387 a multiple of 44?
False
Is 17 a factor of 387443277?
True
Is 755644071 a multiple of 327?
False
Is 3 a factor of 4722560?
False
Is 39262625 a multiple of 163?
True
Does 23 divide 87465389?
True
Is 5 a factor of 13674679?
False
Is 396 a factor of 407809783?
False
Is 105774020 a multiple of 281?
True
Is 3 a factor of 66380998?
False
Is 87 a factor of 19982595?
True
Is 197815068 a multiple of 108?
True
Does 299 divide 140810462?
True
Is 976 a factor of 970464293?
False
Is 371 a factor of 5567396660?
True
Is 194 a factor of 1930979582?
True
Is 111895380 a multiple of 30?
True
Is 387 a factor of 73252112?
False
Is 441215431 a multiple of 2355?
False
Is 41 a factor of 46096218?
True
Does 618 divide 14287796?
False
Does 25 divide 32544525?
True
Is 56 a factor of 35791227?
False
Does 211 divide 14261114?
False
Does 93 divide 731826021?
True
Is 6 a factor of 9738732?
True
Is 105 a factor of 18126780?
True
Is 53536150 a multiple of 99?
False
Does 28 divide 180979376?
False
Is 943624187 a multiple of 1779?
False
Is 23909680 a multiple of 311?
True
Does 4 divide 1519560?
True
Is 14 a factor of 271716473?
False
Is 3129 a factor of 35159165?
False
Does 12 divide 10820832?
True
Is 79 a factor of 7539286?
True
Is 312 a factor of 41040423?
False
Does 132 divide 8902564?
False
Is 1355 a factor of 142552775?
True
Is 12 a factor of 18896751?
False
Is 70816805 a multiple of 533?
False
Is 2246 a factor of 96094519?
False
Does 5 divide 443518510?
True
Is 61056591 a multiple of 24?
False
Is 248061440 a multiple of 2560?
True
Does 48 divide 4194726528?
True
Does 6 divide 18157301?
False
Is 33 a factor of 165276705?
True
Does 880 divide 17349897?
False
Is 265 a factor of 633172?
False
Is 39 a factor of 305760922?
False
Does 7 divide 1191577269?
False
Is 786539184 a multiple of 4614?
False
Does 49 divide 11288375?
True
Is 481729412 a multiple of 11?
False
Is 305040120 a multiple of 28?
True
Is 1020 a factor of 262807080?
True
Is 48399560 a multiple of 92?
False
Does 25 divide 175115350?
True
Does 21 divide 443975678?
False
Is 19 a factor of 17746019?
True
Is 1083 a factor of 47880628?
False
Does 517 divide 221038697?
True
Is 1927 a factor of 80677709?
True
Is 225 a factor of 13088878?
False
Is 103 a factor of 1044739243?
False
Is 1706 a factor of 1087960864?
False
Does 2 divide 7823732?
True
Does 749 divide 273155806?
True
Is 5 a factor of 989323690?
True
Is 68 a factor of 69811903?
False
Is 31 a factor of 6101754?
False
Is 3442110 a multiple of 70?
True
Is 1835210 a multiple of 247?
True
Is 5294 a factor of 2374316648?
True
Is 78 a factor of 80596386?
True
Is 544 a factor of 6576709?
False
Does 13 divide 43066452?
True
Is 4350568680 a multiple of 90?
True
Does 3237 divide 1677345423?
True
Is 24 a factor of 81248976?
True
Does 3 divide 186187151?
False
Does 57 divide 46918296?
True
Does 128 divide 39555456?
True
Does 58 divide 33035802?
False
Is 5443228265 a multiple of 4166?
False
Is 231 a factor of 2120981?
False
Does 83 divide 738234542?
False
Is 413617684 a multiple of 6?
False
Does 724 divide 967934424?
True
Is 1474706505 a multiple of 13?
False
Does 139 divide 1571762238?
True
Does 137 divide 10246003?
False
Does 20 divide 142550249?
False
Is 28 a factor of 11533344?
False
Is 3929648346 a multiple of 1237?
False
Is 27 a factor of 36638903?
False
Is 193 a factor of 41187358?
True
Is 13 a factor of 964122900?
True
Does 651 divide 114536790?
False
Does 75 divide 4425525?
True
Is 68238069 a multiple of 564?
False
Is 22823808 a multiple of 8?
True
Does 24 divide 3575040?
True
Is 298 a factor of 3084873565?
False
Does 22 divide 33863016?
True
Does 401 divide 509336566?
True
Is 39 a factor of 149560005?
False
Is 10 a factor of 339647543?
False
Is 9302 a factor of 284466894?
False
Is 3 a factor of 14134762?
False
Is 223139970 a multiple of 333?
True
Is 54521429 a multiple of 752?
False
Is 1034146176 a multiple of 21?
True
Is 296874806 a multiple of 1068?
False
Is 145 a factor of 23029824?
False
Is 210 a factor of 18801943?
False
Is 51478590 a multiple of 112?
False
Is 132875277 even?
False
Does 5 divide 11568000?
True
Does 363 divide 51258141?
True
Does 39 divide 948518064?
True
Is 86805618 a multiple of 2?
True
Is 4344 a factor of 2343969090?
False
Is 1673436 a multiple of 148?
True
Is 554 a factor of 1206129207?
False
Does 28 divide 257350997?
False
Is 2495 a factor of 291735064?
False
Is 25 a factor of 1517810400?
True
Is 32143740 a multiple of 1055?
True
Does 2320 divide 63855680?
True
Does 6 divide 44415661?
False
Is 133976728 a multiple of 118?
True
Is 8610492 a multiple of 2838?
True
Is 14458470 a multiple of 10?
True
Is 404718156 a multiple of 617?
False
Is 102802390 a multiple of 3103?
True
Is 182 a factor of 1231251121?
False
Does 20 divide 33501160?
True
Does 334 divide 5488066558?
True
Is 18 a factor of 963888012?
True
Does 200 divide 12461000?
True
Is 42484378 a multiple of 19?
False
Is 9 a factor of 94688183?
False
Is 169008535 a multiple of 5?
True
Is 611 a factor of 163223151?
True
Does 10 divide 72828560?
True
Is 206 a factor of 61733462?
True
Is 110582219 even?
False
Does 385 divide 60926899?
False
Is 3361026510 a multiple of 18?
True
Does 493 divide 29839762?
False
Is 11714010 a multiple of 5?
True
Is 252104266 a multiple of 354?
False
Is 155 a factor of 4915050?
True
Is 1833 a factor of 157113740?
False
Is 1171 a factor of 38817479?
True
Does 1128 divide 674014968?
True
Is 720 a factor of 42099840?
True
Is 12 a factor of 1433944?
False
Does 391 divide 193416752?
True
Is 213 a factor of 153676092?
True
Is 60511092 a multiple of 21?
False
Is 278938821 a multiple of 49?
True
Is 237637332 a multiple of 228?
True
Does 5498 divide 2017820980?
True
Does 65 divide 612461265?
True
Does 11 divide 164843435?
False
Is 33559360 a multiple of 248?
True
Is 3265436 a multiple of 422?
True
Is 78030810 a multiple of 611?
True
Is 402958934 a multiple of 553?
True
Is 14118643 a multiple of 35?
False
Is 1492369984 a multiple of 14?
True
Is 374 a factor of 4103751131?
False
Is 60951366 a multiple of 378?
True
Is 114280009 a multiple of 49?
False
Does 443 divide 95828431?
True
Is 70213632 a multiple of 768?
True
Is 87412287 a multiple of 201?
True
Is 4994549 a multiple of 329?
True
Is 12797412 a multiple of 111?
True
Does 313 divide 47799795?
True
Is 9011964 a multiple of 26?
True
Does 1298 divide 83985183?
False
Is 1129 a factor of 52580917?
True
Is 173740225 a multiple of 25?
True
Does 9 divide 2268931320?
True
Does 85 divide 40361995?
True
Does 1407 divide 639131157?
True
Is 766 a factor of 112531494?
False
Is 188 a factor of 40375074?
False
Is 109 a factor of 3624161274?
True
Is 1619 a factor of 26585599?
True
Is 929373588 a multiple of 13?
True
Is 60 a factor of 2152337253?
False
Is 33176971 a multiple of 1565?
False
Does 90 divide 19636812?
False
Is 3455276454 a multiple of 21?
True
Is 121893927 a multiple of 168?
False
Is 17 a factor of 41464552?
False
Does 132 divide 24309053?
False
Is 204 a factor of 613527960?
True
Does 783 divide 489737529?
True
Does 1491 divide 266793576?
True
Is 202105740 a multiple of 579?
True
Does 280 divide 96383782?
False
Is 21682836 a multiple of 406?
True
Is 544 a factor of 35620576?
True
Is 199 a factor of 11506599?
False
Does 3 divide 68350677?
True
Does 72 divide 57817656?
True
Is 7215566 a multiple of 72?
False
Is 90538 a multiple of 60?
False
Is 19612070 a multiple of 26?
False
Is 32 a factor of 1691840?
True
Is 41123547 a multiple of 29?
False
Is 47 